 List the prime factors of l.
2, 43
Let b be ((-7)/2)/(27/(-6) - -4). List the prime factors of 32 - (b/(-28) + (-2)/(-8)).
2
Let l(d) = -d**2 - 2*d + 2. Let n be l(-2). Let b(o) = -o**2 - 8*o + 67. Let z be b(5). Suppose n*c - z = 4. What are the prime factors of c?
3
Suppose 179*g - 181*g = -210. List the prime factors of g.
3, 5, 7
Suppose 2*b - 26 = 5*t + 27, -4*b - t = -73. Let g = b - -11. What are the prime factors of g?
2, 3, 5
Let n(a) = -a**2 - 10*a + 15. Let k be n(-11). What are the prime factors of 1197/14 - 6/k?
2, 3, 7
Let d(g) = -19*g**3 - 4*g**2 + g - 15. What are the prime factors of d(-5)?
5, 11, 41
Suppose 0 = -8*n + 1772 + 2092. What are the prime factors of n?
3, 7, 23
Let q(h) = 10*h + 16. Suppose 21 = 4*k + 2*b - 13, -5*b = 5*k - 30. Let y be q(k). Suppose -w + y = 3*t + 2*w, 72 = 2*t - 4*w. List the prime factors of t.
2, 5
Let o(n) = n**3 - 5*n**2 + 4*n + 1. Let k be o(3). Let i(p) = -23*p + 11. List the prime factors of i(k).
2, 3, 7
Suppose 0 = 2*y, 2*h + 4*y + 69 = -179. Let p = 144 + h. What are the prime factors of p?
2, 5
Let g be -9*((-8)/(-6) - 2). Let x be 6/5*-1*5. What are the prime factors of (x/g)/(2/(-6))?
3
Suppose 0 = -24*p - 1215 + 7815. List the prime factors of p.
5, 11
Suppose -4*d + 6*d = -20. List the prime factors of d/(-15) - (-237)/9.
3
Let x(m) = m**3 + 10*m**2 - 5*m - 5. Suppose 4*r - 16 = u, 2*u + 3*r = -2 - 8. What are the prime factors of x(u)?
163
Let x = 0 + 3. Suppose -5*r + 231 = -3*p, -176 + 47 = -x*r - 3*p. Suppose 0 = 2*m - r + 11. What are the prime factors of m?
17
Suppose 0 = y - p - 1722, 0 = 22*y - 19*y + 5*p - 5190. List the prime factors of y.
3, 5, 23
List the prime factors of ((-280)/168)/((0 - -1)/(-318)).
2, 5, 53
Suppose 12*a + 29 + 79 = 0. Let o(j) = 2*j**2 + 17*j + 6. What are the prime factors of o(a)?
3, 5
What are the prime factors of (-1)/(12/18) + 5108/8?
7, 13
Suppose 3*p = 4 + 5. Suppose -5*a = p + 2. Let j = a + 7. List the prime factors of j.
2, 3
Let y(v) = -3*v**2 - 98. Let l(s) = -s**3 - 6*s**2 + 8*s - 4. Let u be l(-7). Let f(c) = c**2 + 33. Let r(a) = u*f(a) - 4*y(a). List the prime factors of r(0).
29
Suppose -3*f = -5*f - 10. Let i(g) = -g**2 - 4*g + 6. Let o be i(f). What are the prime factors of 18 + 1*(o - 3)?
2
What are the prime factors of (3773/(-231))/(((-2)/336)/1)?
2, 7
Let x be (0 - -4) + (6 - -3). Suppose 14*t = x*t. Suppose 4 = 3*r + 1, -3*p - 3*r + 45 = t. List the prime factors of p.
2, 7
Suppose -4 = -3*f + 2. Suppose -55 = -5*z + f*q, -z + q = -4 - 4. List the prime factors of z.
13
Let t = 586 - 126. What are the prime factors of t?
2, 5, 23
Suppose 0 = -n + 11*n. Suppose -5 + 4 = v. What are the prime factors of (n - v) + 3 + 27?
31
List the prime factors of 1/12*6*-6 - -786.
3, 29
Suppose 7*a - 5*a = 4*m + 3268, -3*m - 6 = 0. Let q be (-1)/5 - a/(-25). Suppose -r = -6*r + q. List the prime factors of r.
13
Let f = -197 + 72. Let y = f + 252. What are the prime factors of y?
127
What are the prime factors of (-36)/63 - (-3 + 14187/(-21))?
2, 3, 113
Suppose 5*u = -j + 119, 7*j - 4*j - 272 = 2*u. Let m = -65 + j. What are the prime factors of m?
29
Suppose -146409 = -139*h + 28*h. List the prime factors of h.
1319
Let z(s) = 2*s**2 - 8*s - 84. List the prime factors of z(36).
2, 3, 5, 37
Let o(q) = -584*q - 465. List the prime factors of o(-3).
3, 11, 13
Suppose x = -13 + 16. Suppose 5*a - 31 - 49 = -5*c, 5*a - 86 = -x*c. What are the prime factors of a?
19
Suppose 3*k = k - 42. List the prime factors of 3/7 - 579/k.
2, 7
Let x(q) = 2*q**2 + 1544. List the prime factors of x(0).
2, 193
Suppose 657 = a - 3*i - 28, -4*a - 4*i + 2740 = 0. List the prime factors of a.
5, 137
Suppose -601 = -4*d + 1263. What are the prime factors of d?
2, 233
Let d(b) = 14*b - 12. Let c = -11 - -15. List the prime factors of d(c).
2, 11
Let u = -57 + 57. Suppose 4*l - 3*p - 318 = u, 2*l - 3*p - 131 - 31 = 0. List the prime factors of l.
2, 3, 13
Suppose -w + 1 - 3 = 0. Let o be (-2 + 0)*(-3 - w). Suppose 3*x + 32 = 4*u - 56, -3*u = o*x - 83. List the prime factors of u.
5
Suppose -3*r - 2*r = 0. Suppose -2*s + 16 = 3*w, r*w + 4*w - 8 = -s. List the prime factors of s.
2
List the prime factors of (-142 - 2)*(-40)/24.
2, 3, 5
List the prime factors of -603*(0 - ((-8)/(-2) + -3)).
3, 67
Let g(l) = 16*l + 13. Let d be g(7). Suppose 0 = 5*u - 3*f - 162 + 27, 0 = -4*u - f + d. List the prime factors of u.
2, 3, 5
Let k = 1202 - 0. What are the prime factors of k?
2, 601
Let l(a) = -11 + 2*a**2 + 3*a**2 + 11 + 8*a - a**3. Let i be l(6). Let v = 32 - i. What are the prime factors of v?
2, 5
Let m(t) = -3*t**3 - 10*t**2 + 8*t + 4. List the prime factors of m(-5).
89
Let t(b) = b**3 + 4*b**2 + 5*b + 4. Let u be t(-2). Suppose -7*p + u*p = -40. What are the prime factors of (-6)/8 - (-550)/p?
2, 17
Let c(j) = -j - 18. Let f be c(-12). List the prime factors of (454/f)/(7/(-21)).
227
Suppose 0 = 4*h + m - 27, 2*h + 3*m = 7*m. Let q = 21 - h. What are the prime factors of (-4)/(2 - q/6)?
2
Let w(d) = 2 + 7 - 142*d + 148*d. What are the prime factors of w(11)?
3, 5
Let v = -83 - -225. Let o = -19 + v. List the prime factors of o.
3, 41
Let b(j) = -j + 7. Let m be b(2). Let t = 108 - m. List the prime factors of t.
103
Let s(p) = 18*p**2 + 2*p + 2. Let n be s(-1). Suppose -5*x + n = -7. What are the prime factors of x?
5
Suppose 0 = -3*g + 4*n + 2936, 0 = -7*n + 2*n - 25. List the prime factors of g.
2, 3
Suppose 2*n + 7500 = 12*n. What are the prime factors of n?
2, 3, 5
Let m(n) = 0*n**2 - 4 - n**2 + 8*n**2. Let l be m(2). Suppose -19*f = -l*f + 15. What are the prime factors of f?
3
Suppose -5*w + 245 = 5*n, 125 = 3*n - 2*w - 42. Suppose a + 4 - n = 0. List the prime factors of a.
7
Let z(b) = 2*b**3 - 6*b**2 + 3*b. Let n be z(5). Suppose 5*h - n = 20. List the prime factors of h.
3
Let w(v) = 3*v**2 - 3. Suppose -17 = 5*n + 5*p - 57, 10 = 5*n - 5*p. Suppose -j + 10 = -0*m - 4*m, 5*m = -n*j. What are the prime factors of w(j)?
3
Let n = -434 - -438. List the prime factors of n.
2
Let v = 669 - -1372. List the prime factors of v.
13, 157
Let b(r) = 8*r**2 + 6*r + 96. List the prime factors of b(-10).
2, 11, 19
Suppose 5*v - v = 0. Let h be 5*1/(-1) + v. List the prime factors of (24/(-10) - 1)*h.
17
Suppose 1220 = -6*t + t. List the prime factors of t/(-3)*9/6.
2, 61
Suppose n + 0*s - 12 = s, 36 = 3*n + 5*s. Let c be 4/n - 44/6. Let h(i) = i**3 + 6*i**2 - 9*i + 5. List the prime factors of h(c).
19
Let g = -984 + 4540. What are the prime factors of g?
2, 7, 127
Let n(s) = -32*s - 1. Let f(t) = 11*t. Let j = 2 + 4. Let p(w) = j*n(w) + 17*f(w). What are the prime factors of p(-3)?
3
Let g(u) = 76*u. Let z = 3 + -2. Let a be g(z). Suppose -5*p + c = -a, -2*c + 50 = 5*p - 23. List the prime factors of p.
3, 5
Let f be (-18)/15 - 11/(-55). Let u(b) = -b**2 + 11. Let h be u(0). Let i = h + f. List the prime factors of i.
2, 5
Suppose 5*j - 1055 = -w - 236, 0 = -w - 4*j + 816. List the prime factors of w.
2, 3, 67
Let l = -2677 + 4408. List the prime factors of l.
3, 577
Let c(z) = -z**2 + 17*z + 21. Let r be c(18). Suppose b - r*q = 141, -3*b = 2*b + 4*q - 686. List the prime factors of b.
2, 3, 23
Suppose 20 = 5*d, g + 0*g = 2*d + 4. Suppose x + 3*u = 2, -6 = -x - 2*u - 2*u. Let z = g + x. What are the prime factors of z?
2
Let w(v) be the third derivative of 0 + 0*v - 1/24*v**4 - 1/120*v**6 - 1/6*v**5 + 5*v**2 - v**3. What are the prime factors of w(-10)?
2
Suppose 0*c = 5*c + 435. Let j = 27 - c. List the prime factors of j.
2, 3, 19
Suppose 0 = 3*n - 8 + 11. Let q = 4 + n. Suppose -q = -s + 18. List the prime factors of s.
3, 7
Let y = 17 + -9. Let o = 3 + -8. Let z = y + o. What are the prime factors of z?
3
Suppose 1484 = 13*x - 2936. What are the prime factors of x?
2, 5, 17
Let g(p) = 2*p**2 + 14*p + 8. Let o(c) = -c**2 - 7*c - 4. Let l(d) = -2*g(d) - 5*o(d). Let x be l(-9). Let n = x + 12. List the prime factors of n.
2, 17
Let j = 15 + -12. Suppose -5*f - 2*y + 21 = -j, 4*y + 8 = 4*f. Suppose -5*d = -5, -3*s + 8*d + 29 = f*d. List the prime factors of s.
11
List the prime factors of 1*(-14)/(-35)*1035.
2, 3, 23
Suppose 13*l - 4012 = 5985. List the prime factors of l.
769
Let o be (35/15)/(1/3). Suppose 0 = 2*v - 21 - o. List the prime factors of v.
2, 7
Let o(j)